 11, 36497
List the prime factors of 975740760.
2, 3, 5, 173, 15667
List the prime factors of 4202725135.
5, 7, 107, 733, 1531
List the prime factors of 82747894.
2, 41373947
List the prime factors of 112760885.
5, 22552177
What are the prime factors of 172818117?
3, 787, 2711
List the prime factors of 289469977.
199, 997, 1459
List the prime factors of 105364148.
2, 26341037
What are the prime factors of 2137158326?
2, 53, 20161871
List the prime factors of 417856890.
2, 3, 5, 11, 67, 18899
What are the prime factors of 2616837215?
5, 409, 1279627
What are the prime factors of 762147567?
3, 317, 267139
List the prime factors of 24919421.
24919421
What are the prime factors of 326314054?
2, 11, 127, 116791
What are the prime factors of 68773634?
2, 23, 83, 18013
What are the prime factors of 47411504?
2, 7, 17, 37, 673
List the prime factors of 427268466.
2, 3, 19, 416441
List the prime factors of 101370200.
2, 5, 23, 22037
What are the prime factors of 150723402?
2, 3, 103, 243889
List the prime factors of 148964497.
11, 13542227
List the prime factors of 256803117.
3, 85601039
List the prime factors of 203840705.
5, 89, 458069
List the prime factors of 1406119093.
59, 2113, 11279
List the prime factors of 2309321.
7, 47129
What are the prime factors of 2277969?
3, 367, 2069
List the prime factors of 66445893.
3, 2460959
What are the prime factors of 30629995?
5, 11, 19, 29311
List the prime factors of 1688964017.
13, 19, 1877, 3643
List the prime factors of 126674930.
2, 5, 337, 37589
What are the prime factors of 154735173?
3, 17, 457, 2213
List the prime factors of 53986125.
3, 5, 19, 7577
What are the prime factors of 1796913226?
2, 17, 23, 2297843
What are the prime factors of 165426261?
3, 7, 11, 13, 31, 1777
List the prime factors of 6726922211.
7933, 847967
What are the prime factors of 16921354?
2, 8460677
List the prime factors of 38976594.
2, 3, 1277, 5087
List the prime factors of 40376261.
1873, 21557
What are the prime factors of 6803506586?
2, 19, 103, 127, 13687
List the prime factors of 539136727.
61, 107, 82601
What are the prime factors of 173204454?
2, 3, 149, 193741
What are the prime factors of 812740417?
41, 2399, 8263
What are the prime factors of 253487281?
253487281
List the prime factors of 11178225.
3, 5, 49681
What are the prime factors of 409996198?
2, 204998099
List the prime factors of 3431912435.
5, 7, 1913, 51257
What are the prime factors of 773611056?
2, 3, 5372299
List the prime factors of 270236284.
2, 17, 59, 193, 349
List the prime factors of 256610333.
7, 19, 23, 149, 563
What are the prime factors of 67582044?
2, 3, 1877279
What are the prime factors of 623463568?
2, 7, 13, 19, 31, 727
List the prime factors of 188360379.
3, 20928931
What are the prime factors of 511610818?
2, 17, 43, 349939
What are the prime factors of 2878549604?
2, 7, 347, 296269
What are the prime factors of 1542161681?
17, 29, 31, 100907
List the prime factors of 5833933.
7, 163, 5113
List the prime factors of 197759021.
43, 179, 25693
What are the prime factors of 25033987?
11, 251, 9067
List the prime factors of 48420998.
2, 17, 47, 157, 193
What are the prime factors of 64268478?
2, 3, 396719
What are the prime factors of 110087602?
2, 109, 504989
What are the prime factors of 1842803758?
2, 59, 193, 80917
List the prime factors of 184685411.
184685411
What are the prime factors of 542873152?
2, 373, 22741
What are the prime factors of 457540868?
2, 127, 900671
List the prime factors of 1738484763.
3, 14543, 39847
What are the prime factors of 408926353?
11, 37175123
List the prime factors of 522804419.
522804419
List the prime factors of 800996655.
3, 5, 53399777
List the prime factors of 64621096.
2, 709, 11393
What are the prime factors of 40718460?
2, 3, 5, 678641
List the prime factors of 4222194673.
149, 28336877
List the prime factors of 2336977729.
2336977729
List the prime factors of 836055232.
2, 13063363
List the prime factors of 883671940.
2, 5, 97, 281, 1621
What are the prime factors of 903025525?
5, 36121021
What are the prime factors of 35803068?
2, 3, 7, 19, 22433
What are the prime factors of 25931541?
3, 1901, 4547
List the prime factors of 239829225.
3, 5, 3197723
What are the prime factors of 232963135?
5, 46592627
List the prime factors of 448085.
5, 11, 8147
List the prime factors of 370975427.
12641, 29347
What are the prime factors of 105437845?
5, 21087569
List the prime factors of 2725833442.
2, 19, 983, 72973
What are the prime factors of 1599648441?
3, 257, 547, 3793
List the prime factors of 803492684.
2, 449, 631, 709
What are the prime factors of 229851722?
2, 937, 122653
List the prime factors of 4552797767.
7, 23, 1229489
List the prime factors of 59777284.
2, 7, 479, 4457
What are the prime factors of 59640262?
2, 11, 2710921
What are the prime factors of 3284946257?
43, 3217, 23747
List the prime factors of 249280239.
3, 13, 491677
List the prime factors of 112916029.
59, 1913831
List the prime factors of 86318587.
29, 43, 69221
What are the prime factors of 464707710?
2, 3, 5, 53, 97423
List the prime factors of 507126195.
3, 5, 23, 489977
What are the prime factors of 207299126?
2, 71, 1459853
What are the prime factors of 152225886?
2, 3, 25370981
List the prime factors of 150504499.
150504499
What are the prime factors of 398449491?
3, 11, 99787
What are the prime factors of 16585088?
2, 13, 9967
What are the prime factors of 3957848448?
2, 3, 10306897
List the prime factors of 3228708872.
2, 653, 618053
List the prime factors of 1598381988.
2, 3, 7, 4093, 4649
What are the prime factors of 46921683?
3, 17, 283, 3251
List the prime factors of 447029681.
7, 503, 126961
List the prime factors of 169863628.
2, 11, 3860537
What are the prime factors of 255269331?
3, 17, 1668427
List the prime factors of 90933360.
2, 3, 5, 7, 113, 479
List the prime factors of 121112744.
2, 2389, 6337
What are the prime factors of 850044273?
3, 13, 31, 107, 6571
What are the prime factors of 316685083?
11, 13, 1259, 1759
List the prime factors of 278372159.
13, 21413243
List the prime factors of 1622791392.
2, 3, 16904077
What are the prime factors of 3391273418?
2, 13, 130433593
What are the prime factors of 863175446?
2, 7, 251, 245639
List the prime factors of 469049549.
469049549
List the prime factors of 412868469.
3, 13, 23, 443, 1039
List the prime factors of 41660724.
2, 3, 7, 97, 5113
List the prime factors of 211567031.
13, 853, 19079
List the prime factors of 527068202.
2, 41, 6427661
What are the prime factors of 2001571?
11, 13, 13997
List the prime factors of 123922245.
3, 5, 73, 113171
What are the prime factors of 3171716849?
7, 37, 131, 93481
List the prime factors of 327011079.
3, 23, 4739291
List the prime factors of 509985534.
2, 3, 3863, 22003
List the prime factors of 1437232778.
2, 41, 383, 45763
What are the prime factors of 182103894?
2, 3, 7, 206467
What are the prime factors of 49719096?
2, 3, 7, 97, 113
List the prime factors of 1177647226.
2, 7, 84117659
List the prime factors of 37934986.
2, 18967493
What are the prime factors of 535462458?
2, 3, 89243743
List the prime factors of 342553138.
2, 171276569
What are the prime factors of 2338422753?
3, 25163, 30977
What are the prime factors of 4617768138?
2, 3, 769628023
List the prime factors of 150309347.
23, 6535189
What are the prime factors of 12767473?
491, 26003
What are the prime factors of 1475301611?
7, 210757373
What are the prime factors of 678195540?
2, 3, 5, 11, 461, 743
What are the prime factors of 2068122386?
2, 11, 17, 5529739
List the prime factors of 531037549.
7, 1283, 8447
What are the prime factors of 6267137?
41, 152857
What are the prime factors of 230188962?
2, 3, 38364827
What are the prime factors of 329688602?
2, 1531, 107671
List the prime factors of 17945544.
2, 3, 747731
What are the prime factors of 45382755?
3, 5, 11, 275047
What are the prime factors of 16555663?
53, 312371
List the prime factors of 43369145.
5, 23, 377123
What are the prime factors of 100840769?
233, 432793
What are the prime factors of 77560396?
2, 19390099
List the prime factors of 1135673447.
1135673447
What are the prime factors of 589726774?
2, 7, 13, 29, 111733
List the prime factors of 1877677315.
5, 293, 1281691
List